{"id":991,"date":"2023-02-20T11:36:21","date_gmt":"2023-02-20T11:36:21","guid":{"rendered":"http:\/\/solca.ro\/?page_id=991"},"modified":"2023-02-23T11:32:50","modified_gmt":"2023-02-23T11:32:50","slug":"proiecte-2022","status":"publish","type":"page","link":"http:\/\/solca.ro\/index.php\/proiecte-2022\/","title":{"rendered":"Proiecte 2022"},"content":{"rendered":"\n<p><strong>Proiecte de acte normative emise \u0219i supuse dezbaterii publice \u00een anul 2022<\/strong><\/p>\n\n\n\n<p><a href=\"http:\/\/solca.ro\/doc\/2022\/proiecte\/pr%20disp%20615.pdf\"><strong>Proiect de dispozi\u021bie privind convocarea \u00een \u0219edin\u021b\u0103 ordinar\u0103 a Consiliului Local al ora\u0219ului Solca, jude\u021bul Suceava, pentru data de 28 februarie 2022, \u00eenregistrat sub nr. 615 din 31.01.2022<\/strong><\/a><\/p>\n\n\n\n<p><a href=\"http:\/\/solca.ro\/doc\/2022\/proiecte\/proiect%20plan%20servicii%20soc.pdf\">Proiect de hot\u0103r\u00e2re privind aprobarea Planului anual de ac\u021biune privind serviciile sociale administrate \u0219i finan\u021bate din bugetul local al ora\u0219ului solca, pentru anul 2022, \u00eenregistrat sub nr. 547 din 27.01.2022<\/a><\/p>\n\n\n\n<p><a href=\"http:\/\/solca.ro\/doc\/2022\/proiecte\/proiect%20masuri%20fiscale.pdf\">Proiect de hot\u0103r\u00e2re privind instituirea unor m\u0103suri fiscale \u015fi aprobarea procedurii de anulare a accesoriilor aferente obliga\u0163iilor bugetare principale restante la data de 31.03.2020, datorate bugetului local de c\u0103tre contribuabili de pe raza administrativ teritorial\u0103 a ora\u015fului Solca, jude\u0163ul Suceava, \u00eenregistrat sub nr. 617 din 31.01.2022<\/a><\/p>\n\n\n\n<p><a href=\"http:\/\/solca.ro\/doc\/2022\/proiecte\/pr%20disp%201197.pdf\"><strong>Proiect de dispozi\u021bie privind convocarea \u00een \u0219edin\u021b\u0103 ordinar\u0103 a Consiliului Local al ora\u0219ului Solca, jude\u021bul Suceava, pentru data de 31 martie 2022, \u00eenregistrat sub nr. 1197 din 28.02.2022<\/strong><\/a><\/p>\n\n\n\n<p><a href=\"http:\/\/solca.ro\/doc\/2022\/proiecte\/pr%20hot%20burse.pdf\">Proiect de hot\u0103r\u00e2re privind aprobarea num\u0103rului \u0219i cuantumul lunar al burselor acordate elevilor din unit\u0103\u021bile de \u00eenv\u0103\u021b\u0103mn\u00e2nt preunivesitar de stat din ora\u0219ul Solca, pentru semestrul al II-lea al anului \u0219colar 2021 \u2013 2022, \u00eenregistrat sub nr. 1196 din 28 februarie 2022<\/a><\/p>\n\n\n\n<p><a href=\"http:\/\/solca.ro\/doc\/2022\/proiecte\/pr%20disp%2031%20martie.pdf\"><strong>Proiect de dispozi\u021bie privind convocarea \u00een \u0219edin\u021b\u0103 ordinar\u0103 a Consiliului Local al ora\u0219ului Solca, jude\u021bul Suceava, pentru data de 28 aprilie 2022, \u00eenregistrat sub nr. 1953 din 31.03.2022<\/strong><\/a><\/p>\n\n\n\n<p><a href=\"http:\/\/solca.ro\/doc\/2022\/proiecte\/pr%20hot%20incheiere%20cont.pdf\">Proiect de hot\u0103r\u00e2re privind aprobarea \u00eencheierii contului de execu\u021bie al bugetului local pe anul 2021, \u00eenregistrat sub nr. 1896 din 30.03.2022<\/a><\/p>\n\n\n\n<p><a href=\"http:\/\/solca.ro\/doc\/2022\/proiecte\/pr%20indexare%20impozite.pdf\">Proiect de hot\u0103r\u00e2re privind indexarea impozitelor \u015fi taxelor locale aplicabile \u00een anul fiscal 2022 cu rata infla\u021biei \u00een procent de 5,1%, &nbsp;\u00eenregistrat sub nr. 1902 din 30.03.2022<\/a><\/p>\n\n\n\n<p><a href=\"http:\/\/solca.ro\/doc\/2022\/proiecte\/pr%20disp%2029%20aprilie.pdf\"><strong>Proiect de dispozi\u021bie privind convocarea \u00een \u0219edin\u021b\u0103 ordinar\u0103 a Consiliului Local al ora\u0219ului Solca, jude\u021bul Suceava, pentru data de 30 mai 2022, \u00eenregistrat sub nr. 2552 din 29.04.2022<\/strong><\/a><\/p>\n\n\n\n<p><a href=\"http:\/\/solca.ro\/doc\/2022\/proiecte\/pr%20acord%20asociere.pdf\">Proiect de hot\u0103r\u00e2re privind aprobarea Acordului de asociere \u00eentre Jude\u021bul Suceava prin Consiliul Jude\u021bean Suceava, Arhiepiscopia Sucevei \u0219i R\u0103d\u0103u\u021bilor, Ora\u0219ul Solca \u0219i Comuna Todire\u0219ti, pentru organizarea \u0219i desf\u0103\u0219urarea manifest\u0103rilor aniversare&nbsp;<\/a><em><a href=\"http:\/\/solca.ro\/doc\/2022\/proiecte\/pr%20acord%20asociere.pdf\">,,Mo\u0219tenirea mu\u0219atin\u0103 \u2013 credin\u021b\u0103, cultur\u0103, istorie\u201d<\/a><\/em><a href=\"http:\/\/solca.ro\/doc\/2022\/proiecte\/pr%20acord%20asociere.pdf\">, prilejuite de \u00eemplinirea a 500 de ani de la sfin\u021birea Bisericii \u201dSf. Gheorghe\u201d a M\u0103n\u0103stirii \u201dSf\u00e2ntul Ioan cel Nou\u201d Suceava, 500 de ani de la sfin\u021birea Bisericii P\u0103rh\u0103u\u021bi \u0219i 400 de ani de la sfin\u021birea M\u0103n\u0103stirii Solca, \u00eenregistrat sub nr. 2423 din 26.04.2022<\/a><\/p>\n\n\n\n<p><a href=\"http:\/\/solca.ro\/doc\/2022\/proiecte\/pr%20disp%2031%20mai.pdf\"><strong>Proiect de dispozi\u021bie privind convocarea \u00een \u0219edin\u021b\u0103 ordinar\u0103 a Consiliului Local al ora\u0219ului Solca, jude\u021bul Suceava, pentru data de 23 iunie 2022, \u00eenregistrat sub nr. 3236 din 31.05.2022<\/strong><\/a><\/p>\n\n\n\n<p><a href=\"http:\/\/solca.ro\/doc\/2022\/proiecte\/proiect%20regulament%20cetatean001.pdf\">Proiect de hot\u0103r\u00e2re pentru aprobarea Regulamentului privind acordarea titlului de \u201dCet\u0103\u021bean de onoare al ora\u0219ului Solca\u201d, \u00eenregistrat sub nr. 3189 din 27.05.2022<\/a><\/p>\n\n\n\n<p><a href=\"http:\/\/solca.ro\/doc\/2022\/proiecte\/pr%20disp%2030%20iunie.pdf\"><strong>Proiect de dispozi\u021bie privind convocarea \u00een \u0219edin\u021b\u0103 ordinar\u0103 a Consiliului Local al ora\u0219ului Solca, jude\u021bul Suceava, pentru data de 28 iulie 2022, \u00eenregistrat sub nr. 3266 din 30.06.2022<\/strong><\/a><\/p>\n\n\n\n<p><a href=\"http:\/\/solca.ro\/doc\/2022\/proiecte\/pr%20disp%2029%20iulie.pdf\"><strong>Proiect de dispozi\u021bie privind convocarea \u00een \u0219edin\u021b\u0103 ordinar\u0103 a Consiliului Local al ora\u0219ului Solca, jude\u021bul Suceava, pentru data de 31 august 2022, \u00eenregistrat sub nr. 4209 din 29.07.2022<\/strong><\/a><\/p>\n\n\n\n<p><strong><a href=\"http:\/\/solca.ro\/doc\/2022\/proiecte\/pr%20disp%204640000.pdf\">Proiect de dispozi\u021bie privind convocarea \u00een \u0219edin\u021b\u0103 ordinar\u0103 a Consiliului Local al ora\u0219ului Solca, jude\u021bul Suceava, pentru data de 29 septembrie 2022, \u00eenregistrat sub nr. 4640 din 30.08.2022<\/a><\/strong><\/p>\n\n\n\n<p><a href=\"http:\/\/solca.ro\/doc\/2022\/proiecte\/proiect%20hot%204683.pdf\">Proiect de hot\u0103r\u00e2re privind modificarea statului de func\u021bii din cadrul aparatului de specialitate al Primarului ora\u0219ului Solca \u0219i a unit\u0103\u021bilor subordonate Consiliului Local al ora\u0219ului Solca, jude\u021bul Suceava, aprobat prin HCL nr. 42\/31.07.2013, cu modific\u0103rile \u0219i complet\u0103rile ulterioare, \u00eenregistrat sub nr. 4683 din 01.09.2022<\/a><\/p>\n\n\n\n<p><a href=\"http:\/\/solca.ro\/doc\/2022\/proiecte\/pr%20disp%205190.pdf\"><strong>Proiect de dispozi\u021bie privind convocarea \u00een \u0219edin\u021b\u0103 ordinar\u0103 a Consiliului Local al ora\u0219ului Solca, jude\u021bul Suceava, pentru data de 27 octombrie 2022, \u00eenregistrat sub nr. 5190 din 27.09.2022<\/strong><\/a><\/p>\n\n\n\n<p><a href=\"http:\/\/solca.ro\/doc\/2022\/proiecte\/anunt%20pr%20denumire%20strazi.pdf\">Proiect de hot\u0103r\u00e2re privind atribuirea denumirii str\u0103zilor din ora\u0219ul Solca, jude\u021bul Suceava, \u00eenregistrat sub nr. 4189 din 29.07.2022<\/a><\/p>\n\n\n\n<p><a href=\"http:\/\/solca.ro\/doc\/2022\/proiecte\/pr%20disp%206643.pdf\"><strong>Proiect de dispozi\u021bie privind convocarea \u00een \u0219edin\u021b\u0103 ordinar\u0103 a Consiliului Local al ora\u0219ului Solca, jude\u021bul Suceava, pentru data de 28 decembrie 2022, \u00eenregistrat sub nr. 6643 din 29.11.2022<\/strong><\/a><\/p>\n\n\n\n<p><a href=\"http:\/\/solca.ro\/doc\/2022\/proiecte\/anunt%20impozite%20si%20taxe.pdf\">Proiect de hot\u0103r\u00e2re privind stabilirea impozitelor \u0219i taxelor locale pentru anul 2023, \u00een ora\u0219ul Solca<\/a><\/p>\n\n\n\n<p><strong><a href=\"http:\/\/solca.ro\/doc\/2023\/PROIECTE\/pr%20disp%207337.pdf\">Proiect de dispozi\u021bie privind convocarea \u00een \u0219edin\u021b\u0103 ordinar\u0103 a Consiliului Local al ora\u0219ului Solca, jude\u021bul Suceava, pentru data de 31 ianuarie 2023, \u00eenregistrat sub nr. 7337 din 30.12.2022<\/a><\/strong><\/p>\n\n\n\n<p><a href=\"http:\/\/solca.ro\/doc\/2023\/PROIECTE\/proiect%207291.pdf\">Proiect de hot\u0103r\u00e2re privind aprobarea Planului anual de evolu\u021bie a tarifelor revizuit, conform rezultatelor Analizei Cost-Beneficiu revizuit\u0103 \u00een baza HG nr. 379\/2020, pentru Proiectul regional \u201dDezvoltarea infrastructurii de ap\u0103 \u0219i ap\u0103 uzat\u0103 din jude\u021bul Suceava \u00een perioada 2014 &#8211; 2020\u201d \u0219i mandatarea reprezentantului UAT ora\u0219ul Solca s\u0103 sus\u021bin\u0103 \u0219i s\u0103 voteze\u00a0 \u00een Adunarea General\u0103 a Asocia\u0163iei Jude\u0163ene pentru Ap\u0103 \u015fi Canalizare Suceava (AJAC Suceava)\u00a0 aprobarea Planului anual de evolu\u021bie a tarifelor revizuit, precum \u0219i aprobarea modific\u0103rii Contractului de delegare a gestiunii prin \u00eencheierea Actului adi\u021bional nr. 6 la Contract, \u00eenregistrat sub nr, 7291 din 28.12.2022<\/a><\/p>\n\n\n\n<p><a href=\"http:\/\/solca.ro\/doc\/2023\/PROIECTE\/proIect%207313.pdf\">Proiect de hot\u0103r\u00e2re <strong>\u00a0<\/strong>privind stabilirea salariilor de baz\u0103 pentru func\u0163ionarii publici \u015fi personalul contractual din cadrul aparatului de specialitate al primarului ora\u015fului Solca \u015fi ai unit\u0103\u0163ilor subordonate Consiliului Local al ora\u015fului Solca, valabile \u00eencep\u00e2nd cu data de 1 ianuarie 2023, \u00eenregistrat sub nr. 7313 din 30.12.2022<\/a><\/p>\n\n\n\n<p><a href=\"http:\/\/solca.ro\/doc\/2023\/PROIECTE\/proiect%207327.pdf\">Proiect de hot\u0103r\u00e2re privind aprobarea num\u0103rului asisten\u0163ilor personali ai persoanelor cu handicap la nivelul ora\u015fului Solca, jude\u0163ul Suceava, pentru anul 2023, \u00eenregistrat sub nr. 7327 din 30.12.2022<\/a><\/p>\n\n\n\n<p><a href=\"http:\/\/solca.ro\/doc\/2023\/PROIECTE\/proiect%207331.pdf\">Proiect de hot\u0103r\u00e2re privind aprobarea Planului anual de lucr\u0103ri de interes local care vor fi efectuate de c\u0103tre beneficiarii de ajutor social din ora\u015ful Solca, pentru anul 2023, \u00eenregistrat sub nr. 7331 din 30.12.2022<\/a><\/p>\n\n\n\n<p><a href=\"http:\/\/solca.ro\/doc\/2023\/PROIECTE\/proiect%207335.pdf\">Proiect de hot\u0103r\u00e2re privind aprobarea costului lunar de \u00eentre\u0163inere, pentru anul 2023, pentru persoanele v\u00e2rstnice din \u00a0C\u0103minul pentru Persoane V\u00e2rstnice Solca \u015fi a modului de acoperire a valorii integrale a contribu\u0163iei lunare de \u00eentre\u0163inere datorat\u0103 de c\u0103tre beneficiarii c\u0103minului \u015fi\/sau a sus\u0163in\u0103torilor legali ai acestora, \u00eenregistrat sub nr. 7335 din 30.12.2022<\/a><\/p>\n\n\n\n<p><\/p>\n","protected":false},"excerpt":{"rendered":"<p>Proiecte de acte normative emise \u0219i supuse dezbaterii publice \u00een anul 2022 Proiect de dispozi\u021bie privind convocarea \u00een \u0219edin\u021b\u0103 ordinar\u0103 a Consiliului Local al ora\u0219ului Solca, jude\u021bul Suceava, pentru data de 28 februarie 2022,&#46;&#46;&#46;<\/p>\n","protected":false},"author":1,"featured_media":0,"parent":0,"menu_order":0,"comment_status":"closed","ping_status":"closed","template":"","meta":[],"_links":{"self":[{"href":"http:\/\/solca.ro\/index.php\/wp-json\/wp\/v2\/pages\/991"}],"collection":[{"href":"http:\/\/solca.ro\/index.php\/wp-json\/wp\/v2\/pages"}],"about":[{"href":"http:\/\/solca.ro\/index.php\/wp-json\/wp\/v2\/types\/page"}],"author":[{"embeddable":true,"href":"http:\/\/solca.ro\/index.php\/wp-json\/wp\/v2\/users\/1"}],"replies":[{"embeddable":true,"href":"http:\/\/solca.ro\/index.php\/wp-json\/wp\/v2\/comments?post=991"}],"version-history":[{"count":3,"href":"http:\/\/solca.ro\/index.php\/wp-json\/wp\/v2\/pages\/991\/revisions"}],"predecessor-version":[{"id":1012,"href":"http:\/\/solca.ro\/index.php\/wp-json\/wp\/v2\/pages\/991\/revisions\/1012"}],"wp:attachment":[{"href":"http:\/\/solca.ro\/index.php\/wp-json\/wp\/v2\/media?parent=991"}],"curies":[{"name":"wp","href":"https:\/\/api.w.org\/{rel}","templated":true}]}}