{"id":27,"date":"2019-08-10T12:03:18","date_gmt":"2019-08-10T12:03:18","guid":{"rendered":"http:\/\/solca.ro\/new\/?page_id=27"},"modified":"2019-08-10T13:21:12","modified_gmt":"2019-08-10T13:21:12","slug":"grup-scolar-tomsa-voda","status":"publish","type":"page","link":"http:\/\/solca.ro\/index.php\/grup-scolar-tomsa-voda\/","title":{"rendered":"LICEUL TEHNOLOGIC &#8222;TOM\u015eA VOD\u0102&#8221; SOLCA"},"content":{"rendered":"\n<p><strong>Strada Tom\u015fa Vod\u0103<\/strong><\/p>\n\n\n\n<p><strong>Ora\u015ful Solca, jude\u0163ul Suceava, cod 725600<\/strong><\/p>\n\n\n\n<p><strong>Tel.0230477320 <\/strong><\/p>\n\n\n\n<p><strong>Director, prof. Cristian Gorcea<\/strong><\/p>\n\n\n\n<p><a href=\"http:\/\/www.liceulsolca.ro\/management\/about-us\/\">http:\/\/www.liceulsolca.ro\/management\/about-us\/<\/a><\/p>\n\n\n\n<p><a href=\"https:\/\/www.facebook.com\/Liceul-Tehnologic-Tomsa-Voda-Solca\">https:\/\/www.facebook.com\/Liceul-Tehnologic-Tomsa-Voda-Solca<\/a><\/p>\n","protected":false},"excerpt":{"rendered":"<p>Strada Tom\u015fa Vod\u0103 Ora\u015ful Solca, jude\u0163ul Suceava, cod 725600 Tel.0230477320 Director, prof. Cristian Gorcea http:\/\/www.liceulsolca.ro\/management\/about-us\/ https:\/\/www.facebook.com\/Liceul-Tehnologic-Tomsa-Voda-Solca<\/p>\n","protected":false},"author":1,"featured_media":0,"parent":0,"menu_order":0,"comment_status":"closed","ping_status":"closed","template":"","meta":[],"_links":{"self":[{"href":"http:\/\/solca.ro\/index.php\/wp-json\/wp\/v2\/pages\/27"}],"collection":[{"href":"http:\/\/solca.ro\/index.php\/wp-json\/wp\/v2\/pages"}],"about":[{"href":"http:\/\/solca.ro\/index.php\/wp-json\/wp\/v2\/types\/page"}],"author":[{"embeddable":true,"href":"http:\/\/solca.ro\/index.php\/wp-json\/wp\/v2\/users\/1"}],"replies":[{"embeddable":true,"href":"http:\/\/solca.ro\/index.php\/wp-json\/wp\/v2\/comments?post=27"}],"version-history":[{"count":3,"href":"http:\/\/solca.ro\/index.php\/wp-json\/wp\/v2\/pages\/27\/revisions"}],"predecessor-version":[{"id":62,"href":"http:\/\/solca.ro\/index.php\/wp-json\/wp\/v2\/pages\/27\/revisions\/62"}],"wp:attachment":[{"href":"http:\/\/solca.ro\/index.php\/wp-json\/wp\/v2\/media?parent=27"}],"curies":[{"name":"wp","href":"https:\/\/api.w.org\/{rel}","templated":true}]}}