{"id":215,"date":"2019-09-14T09:23:53","date_gmt":"2019-09-14T09:23:53","guid":{"rendered":"http:\/\/solca.ro\/?page_id=215"},"modified":"2020-07-09T10:21:07","modified_gmt":"2020-07-09T10:21:07","slug":"declaratii-de-avere-2014","status":"publish","type":"page","link":"http:\/\/solca.ro\/index.php\/declaratii-de-avere-2014\/","title":{"rendered":"Declaratii de avere 2019"},"content":{"rendered":"<p><br>\n<!--StartFragment--><\/p>\n\n\n<p><a href=\"http:\/\/solca.ro\/old\/doc\/2019\/Declaratii%20de%20avere\/ALBU%20ANA.pdf\" target=\"_blank\" rel=\"noreferrer noopener\">ALBU ANA<\/a><\/p>\n\n\n\n<p><a href=\"http:\/\/solca.ro\/old\/doc\/2019\/Declaratii%20de%20avere\/APETROAIEI%20MARIA.pdf\" target=\"_blank\" rel=\"noreferrer noopener\">APETROAIEI MARIA<\/a><\/p>\n\n\n\n<p><a href=\"http:\/\/solca.ro\/old\/doc\/2019\/Declaratii%20de%20avere\/B%ceGU%20LIDIA.pdf\" target=\"_blank\" rel=\"noreferrer noopener\">B\u00ceGU LIDIA<\/a><\/p>\n\n\n\n<p><a href=\"http:\/\/solca.ro\/old\/doc\/2019\/Declaratii%20de%20avere\/BAHAN%20ANGELICA.pdf\" target=\"_blank\" rel=\"noreferrer noopener\">BAHAN ANGELICA<\/a><\/p>\n\n\n\n<p><a href=\"http:\/\/solca.ro\/old\/doc\/2019\/Declaratii%20de%20avere\/BAHAN%20GHEORGHE.pdf\" target=\"_blank\" rel=\"noreferrer noopener\">BAHAN GHEORGHE<\/a><\/p>\n\n\n\n<p><a href=\"http:\/\/solca.ro\/old\/doc\/2019\/Declaratii%20de%20avere\/COLTUN%20GABRIELA.pdf\" target=\"_blank\" rel=\"noreferrer noopener\">COL\u0162UN GABRIELA<\/a><\/p>\n\n\n\n<p><a href=\"http:\/\/solca.ro\/old\/doc\/2019\/Declaratii%20de%20avere\/COTOARA%20PETRU.pdf\" target=\"_blank\" rel=\"noreferrer noopener\">COTOAR\u0102 PETRU<\/a><\/p>\n\n\n\n<p><a href=\"http:\/\/solca.ro\/old\/doc\/2019\/Declaratii%20de%20avere\/COTURBAS%20AGLAIA.pdf\" target=\"_blank\" rel=\"noreferrer noopener\">COTURBA\u015e AGLAIA<\/a><\/p>\n\n\n\n<p><a href=\"http:\/\/solca.ro\/old\/doc\/2019\/Declaratii%20de%20avere\/COTURB~2.pdf\" target=\"_blank\" rel=\"noreferrer noopener\">COTURBA\u015e GHEORGHE<\/a><\/p>\n\n\n\n<p><a href=\"http:\/\/solca.ro\/old\/doc\/2019\/Declaratii%20de%20avere\/COVALIU%20DOINA.pdf\" target=\"_blank\" rel=\"noreferrer noopener\">COVALIU DOINA<\/a><\/p>\n\n\n\n<p><a href=\"http:\/\/solca.ro\/old\/doc\/2019\/Declaratii%20de%20avere\/GALIS%20GEORGETA.pdf\" target=\"_blank\" rel=\"noreferrer noopener\">GALI\u015e GEORGETA CORNELIA<\/a><\/p>\n\n\n\n<p><a href=\"http:\/\/solca.ro\/old\/doc\/2019\/Declaratii%20de%20avere\/ghinghiloschi%20gheorghe.pdf\" target=\"_blank\" rel=\"noreferrer noopener\">GHINGHILOSCHI GHEORGHE<\/a><\/p>\n\n\n\n<p><a href=\"http:\/\/solca.ro\/old\/doc\/2019\/Declaratii%20de%20avere\/LUNGU%20ISABELLA.pdf\" target=\"_blank\" rel=\"noreferrer noopener\">LUNGU ISABELLA EUFROSINA<\/a><\/p>\n\n\n\n<p><a href=\"http:\/\/solca.ro\/old\/doc\/2019\/Declaratii%20de%20avere\/LUPU%20ADRIANA.pdf\" target=\"_blank\" rel=\"noreferrer noopener\">LUPU ADRIANA PARASCHIVA<\/a><\/p>\n\n\n\n<p><a href=\"http:\/\/solca.ro\/old\/doc\/2019\/Declaratii%20de%20avere\/LUPU%20DUMITRU.pdf\" target=\"_blank\" rel=\"noreferrer noopener\">LUPU DUMITRU<\/a><\/p>\n\n\n\n<p><a href=\"http:\/\/solca.ro\/old\/doc\/2019\/Declaratii%20de%20avere\/MARULA%20PETRU%20PAVEL.pdf\" target=\"_blank\" rel=\"noreferrer noopener\">MARUL\u0102 PETRU PAVEL<\/a><\/p>\n\n\n\n<p><a href=\"http:\/\/solca.ro\/old\/doc\/2019\/Declaratii%20de%20avere\/PRICOP%20GHEORGHINA%20MIRELA.pdf\" target=\"_blank\" rel=\"noreferrer noopener\">PRICOP GHEORGHINA MIRELA<\/a><\/p>\n\n\n\n<p><a href=\"http:\/\/solca.ro\/old\/doc\/2019\/Declaratii%20de%20avere\/REPCIUC%20ELENA.pdf\" target=\"_blank\" rel=\"noreferrer noopener\">REPCIUC ELENA<\/a><\/p>\n\n\n\n<p><a href=\"http:\/\/solca.ro\/old\/doc\/2019\/Declaratii%20de%20avere\/REPCIUC%20PETRU.pdf\" target=\"_blank\" rel=\"noreferrer noopener\">REPCIUC PETRU<\/a><\/p>\n\n\n\n<p><a href=\"http:\/\/solca.ro\/old\/doc\/2019\/Declaratii%20de%20avere\/ROMANIUC%20DANIEL%20FLORIN.pdf\" target=\"_blank\" rel=\"noreferrer noopener\">ROMANIUC DANIEL-FLORIN<\/a><\/p>\n\n\n\n<p><a href=\"http:\/\/solca.ro\/old\/doc\/2019\/Declaratii%20de%20avere\/STRUGARIU%20EISENHAUER%20HILDEGARD.pdf\" target=\"_blank\" rel=\"noreferrer noopener\">STRUGARIU EISENHAUER HILDEGARD<\/a><\/p>\n\n\n\n<p><a href=\"http:\/\/solca.ro\/old\/doc\/2019\/Declaratii%20de%20avere\/SINDILARIU%20ALINA.pdf\" target=\"_blank\" rel=\"noreferrer noopener\">\u015eINDILARIU ALINA IULIANA<\/a><\/p>\n\n\n\n<p><a href=\"http:\/\/solca.ro\/old\/doc\/2019\/Declaratii%20de%20avere\/TEHANIUC%20CORNEL%20TRIFAN.pdf\" target=\"_blank\" rel=\"noreferrer noopener\">\u0162EHANIUC CORNEL-TRIFAN<\/a><\/p>\n\n\n\n<p><a href=\"http:\/\/solca.ro\/old\/doc\/2019\/Declaratii%20de%20avere\/TARANU%20HOFNAR.pdf\" target=\"_blank\" rel=\"noreferrer noopener\">\u0162\u0102RANU-HOFN\u0102R VALERU\u0162<\/a><\/p>\n\n\n\n<p><a href=\"http:\/\/solca.ro\/old\/doc\/2019\/Declaratii%20de%20avere\/VASILOSCHI%20LENUTA.pdf\" target=\"_blank\" rel=\"noreferrer noopener\">VASILOSCHI LENU\u0162A<\/a><\/p>\n\n\n<p><!--EndFragment--><br \/><br \/><\/p>","protected":false},"excerpt":{"rendered":"<p>ALBU ANA APETROAIEI MARIA B\u00ceGU LIDIA BAHAN ANGELICA BAHAN GHEORGHE COL\u0162UN GABRIELA COTOAR\u0102 PETRU COTURBA\u015e AGLAIA COTURBA\u015e GHEORGHE COVALIU DOINA GALI\u015e GEORGETA CORNELIA GHINGHILOSCHI GHEORGHE LUNGU ISABELLA EUFROSINA LUPU ADRIANA PARASCHIVA LUPU DUMITRU MARUL\u0102&#46;&#46;&#46;<\/p>\n","protected":false},"author":1,"featured_media":0,"parent":0,"menu_order":0,"comment_status":"closed","ping_status":"closed","template":"","meta":[],"_links":{"self":[{"href":"http:\/\/solca.ro\/index.php\/wp-json\/wp\/v2\/pages\/215"}],"collection":[{"href":"http:\/\/solca.ro\/index.php\/wp-json\/wp\/v2\/pages"}],"about":[{"href":"http:\/\/solca.ro\/index.php\/wp-json\/wp\/v2\/types\/page"}],"author":[{"embeddable":true,"href":"http:\/\/solca.ro\/index.php\/wp-json\/wp\/v2\/users\/1"}],"replies":[{"embeddable":true,"href":"http:\/\/solca.ro\/index.php\/wp-json\/wp\/v2\/comments?post=215"}],"version-history":[{"count":3,"href":"http:\/\/solca.ro\/index.php\/wp-json\/wp\/v2\/pages\/215\/revisions"}],"predecessor-version":[{"id":583,"href":"http:\/\/solca.ro\/index.php\/wp-json\/wp\/v2\/pages\/215\/revisions\/583"}],"wp:attachment":[{"href":"http:\/\/solca.ro\/index.php\/wp-json\/wp\/v2\/media?parent=215"}],"curies":[{"name":"wp","href":"https:\/\/api.w.org\/{rel}","templated":true}]}}