{"id":112,"date":"2019-08-22T18:51:32","date_gmt":"2019-08-22T18:51:32","guid":{"rendered":"http:\/\/solca.ro\/new\/?page_id=112"},"modified":"2019-10-09T15:39:00","modified_gmt":"2019-10-09T15:39:00","slug":"serviciul-judetean-de-ambulanta","status":"publish","type":"page","link":"http:\/\/solca.ro\/index.php\/serviciul-judetean-de-ambulanta\/","title":{"rendered":"SERVICIUL JUDE\u0162EAN DE AMBULAN\u0162\u0102 &#8211; STA\u0162IA SOLCA"},"content":{"rendered":"","protected":false},"excerpt":{"rendered":"","protected":false},"author":1,"featured_media":0,"parent":0,"menu_order":0,"comment_status":"closed","ping_status":"closed","template":"","meta":[],"_links":{"self":[{"href":"http:\/\/solca.ro\/index.php\/wp-json\/wp\/v2\/pages\/112"}],"collection":[{"href":"http:\/\/solca.ro\/index.php\/wp-json\/wp\/v2\/pages"}],"about":[{"href":"http:\/\/solca.ro\/index.php\/wp-json\/wp\/v2\/types\/page"}],"author":[{"embeddable":true,"href":"http:\/\/solca.ro\/index.php\/wp-json\/wp\/v2\/users\/1"}],"replies":[{"embeddable":true,"href":"http:\/\/solca.ro\/index.php\/wp-json\/wp\/v2\/comments?post=112"}],"version-history":[{"count":2,"href":"http:\/\/solca.ro\/index.php\/wp-json\/wp\/v2\/pages\/112\/revisions"}],"predecessor-version":[{"id":348,"href":"http:\/\/solca.ro\/index.php\/wp-json\/wp\/v2\/pages\/112\/revisions\/348"}],"wp:attachment":[{"href":"http:\/\/solca.ro\/index.php\/wp-json\/wp\/v2\/media?parent=112"}],"curies":[{"name":"wp","href":"https:\/\/api.w.org\/{rel}","templated":true}]}}